{"id":1355,"date":"2025-11-03T07:13:46","date_gmt":"2025-11-03T07:13:46","guid":{"rendered":"http:\/\/mc-fotodekor.hu\/?page_id=1355"},"modified":"2025-11-03T08:10:19","modified_gmt":"2025-11-03T08:10:19","slug":"1355-2","status":"publish","type":"page","link":"http:\/\/mc-fotodekor.hu\/?page_id=1355","title":{"rendered":"Napraforg\u00f3 \u00e9s b\u00e1la"},"content":{"rendered":"\n<p class=\"has-vivid-cyan-blue-color has-text-color has-link-color has-x-large-font-size wp-elements-7cb5980e4b0f5502eeeebf3677cbe014\"><a href=\"http:\/\/mc-fotodekor.hu\/?p=57\"><strong>Vissza az el\u0151z\u0151re<\/strong><\/a><\/p>\n\n\n\n<figure class=\"wp-block-image aligncenter size-large\"><img loading=\"lazy\" decoding=\"async\" width=\"677\" height=\"1024\" src=\"http:\/\/mc-fotodekor.hu\/wp-content\/uploads\/2022\/03\/DSC_0308_05-677x1024.jpg\" alt=\"\" class=\"wp-image-1001\" srcset=\"http:\/\/mc-fotodekor.hu\/wp-content\/uploads\/2022\/03\/DSC_0308_05-677x1024.jpg 677w, http:\/\/mc-fotodekor.hu\/wp-content\/uploads\/2022\/03\/DSC_0308_05-198x300.jpg 198w, http:\/\/mc-fotodekor.hu\/wp-content\/uploads\/2022\/03\/DSC_0308_05-768x1161.jpg 768w, http:\/\/mc-fotodekor.hu\/wp-content\/uploads\/2022\/03\/DSC_0308_05-1016x1536.jpg 1016w, http:\/\/mc-fotodekor.hu\/wp-content\/uploads\/2022\/03\/DSC_0308_05-1355x2048.jpg 1355w, http:\/\/mc-fotodekor.hu\/wp-content\/uploads\/2022\/03\/DSC_0308_05-scaled.jpg 1693w\" sizes=\"auto, (max-width: 677px) 100vw, 677px\" \/><\/figure>\n\n\n\n<figure class=\"wp-block-image aligncenter size-large\"><img loading=\"lazy\" decoding=\"async\" width=\"779\" height=\"1024\" src=\"http:\/\/mc-fotodekor.hu\/wp-content\/uploads\/2022\/03\/DSC_0266_01-779x1024.jpg\" alt=\"\" class=\"wp-image-1000\" srcset=\"http:\/\/mc-fotodekor.hu\/wp-content\/uploads\/2022\/03\/DSC_0266_01-779x1024.jpg 779w, http:\/\/mc-fotodekor.hu\/wp-content\/uploads\/2022\/03\/DSC_0266_01-228x300.jpg 228w, http:\/\/mc-fotodekor.hu\/wp-content\/uploads\/2022\/03\/DSC_0266_01-768x1010.jpg 768w, http:\/\/mc-fotodekor.hu\/wp-content\/uploads\/2022\/03\/DSC_0266_01-1168x1536.jpg 1168w, http:\/\/mc-fotodekor.hu\/wp-content\/uploads\/2022\/03\/DSC_0266_01-1558x2048.jpg 1558w, http:\/\/mc-fotodekor.hu\/wp-content\/uploads\/2022\/03\/DSC_0266_01-scaled.jpg 1947w\" sizes=\"auto, (max-width: 779px) 100vw, 779px\" \/><\/figure>\n\n\n\n<figure class=\"wp-block-image aligncenter size-large\"><img loading=\"lazy\" decoding=\"async\" width=\"879\" height=\"1024\" src=\"http:\/\/mc-fotodekor.hu\/wp-content\/uploads\/2022\/03\/DSC_0348_02-879x1024.jpg\" alt=\"\" class=\"wp-image-996\" srcset=\"http:\/\/mc-fotodekor.hu\/wp-content\/uploads\/2022\/03\/DSC_0348_02-879x1024.jpg 879w, http:\/\/mc-fotodekor.hu\/wp-content\/uploads\/2022\/03\/DSC_0348_02-257x300.jpg 257w, http:\/\/mc-fotodekor.hu\/wp-content\/uploads\/2022\/03\/DSC_0348_02-768x895.jpg 768w, http:\/\/mc-fotodekor.hu\/wp-content\/uploads\/2022\/03\/DSC_0348_02-1318x1536.jpg 1318w, http:\/\/mc-fotodekor.hu\/wp-content\/uploads\/2022\/03\/DSC_0348_02-1757x2048.jpg 1757w\" sizes=\"auto, (max-width: 879px) 100vw, 879px\" \/><\/figure>\n\n\n\n<figure class=\"wp-block-image aligncenter size-large\"><img loading=\"lazy\" decoding=\"async\" width=\"776\" height=\"1024\" src=\"http:\/\/mc-fotodekor.hu\/wp-content\/uploads\/2022\/03\/DSC_0348_01-776x1024.jpg\" alt=\"\" class=\"wp-image-995\" srcset=\"http:\/\/mc-fotodekor.hu\/wp-content\/uploads\/2022\/03\/DSC_0348_01-776x1024.jpg 776w, http:\/\/mc-fotodekor.hu\/wp-content\/uploads\/2022\/03\/DSC_0348_01-227x300.jpg 227w, http:\/\/mc-fotodekor.hu\/wp-content\/uploads\/2022\/03\/DSC_0348_01-768x1013.jpg 768w, http:\/\/mc-fotodekor.hu\/wp-content\/uploads\/2022\/03\/DSC_0348_01-1164x1536.jpg 1164w, http:\/\/mc-fotodekor.hu\/wp-content\/uploads\/2022\/03\/DSC_0348_01-1552x2048.jpg 1552w, http:\/\/mc-fotodekor.hu\/wp-content\/uploads\/2022\/03\/DSC_0348_01-scaled.jpg 1941w\" sizes=\"auto, (max-width: 776px) 100vw, 776px\" \/><\/figure>\n\n\n\n<figure class=\"wp-block-image aligncenter size-large\"><img loading=\"lazy\" decoding=\"async\" width=\"683\" height=\"1024\" src=\"http:\/\/mc-fotodekor.hu\/wp-content\/uploads\/2022\/03\/DSC_0340-683x1024.jpg\" alt=\"\" class=\"wp-image-994\" srcset=\"http:\/\/mc-fotodekor.hu\/wp-content\/uploads\/2022\/03\/DSC_0340-683x1024.jpg 683w, http:\/\/mc-fotodekor.hu\/wp-content\/uploads\/2022\/03\/DSC_0340-200x300.jpg 200w, http:\/\/mc-fotodekor.hu\/wp-content\/uploads\/2022\/03\/DSC_0340-768x1152.jpg 768w, http:\/\/mc-fotodekor.hu\/wp-content\/uploads\/2022\/03\/DSC_0340-1024x1536.jpg 1024w, http:\/\/mc-fotodekor.hu\/wp-content\/uploads\/2022\/03\/DSC_0340-1365x2048.jpg 1365w, http:\/\/mc-fotodekor.hu\/wp-content\/uploads\/2022\/03\/DSC_0340-scaled.jpg 1707w\" sizes=\"auto, (max-width: 683px) 100vw, 683px\" \/><\/figure>\n\n\n\n<figure class=\"wp-block-image aligncenter size-large\"><img loading=\"lazy\" decoding=\"async\" width=\"749\" height=\"1024\" src=\"http:\/\/mc-fotodekor.hu\/wp-content\/uploads\/2022\/03\/DSC_0334_02-1-749x1024.jpg\" alt=\"\" class=\"wp-image-993\" srcset=\"http:\/\/mc-fotodekor.hu\/wp-content\/uploads\/2022\/03\/DSC_0334_02-1-749x1024.jpg 749w, http:\/\/mc-fotodekor.hu\/wp-content\/uploads\/2022\/03\/DSC_0334_02-1-219x300.jpg 219w, http:\/\/mc-fotodekor.hu\/wp-content\/uploads\/2022\/03\/DSC_0334_02-1-768x1050.jpg 768w, http:\/\/mc-fotodekor.hu\/wp-content\/uploads\/2022\/03\/DSC_0334_02-1-1123x1536.jpg 1123w, http:\/\/mc-fotodekor.hu\/wp-content\/uploads\/2022\/03\/DSC_0334_02-1-1497x2048.jpg 1497w, http:\/\/mc-fotodekor.hu\/wp-content\/uploads\/2022\/03\/DSC_0334_02-1-scaled.jpg 1872w\" sizes=\"auto, (max-width: 749px) 100vw, 749px\" \/><\/figure>\n\n\n\n<figure class=\"wp-block-image aligncenter size-large\"><img loading=\"lazy\" decoding=\"async\" width=\"749\" height=\"1024\" src=\"http:\/\/mc-fotodekor.hu\/wp-content\/uploads\/2022\/03\/DSC_0334_02-749x1024.jpg\" alt=\"\" class=\"wp-image-992\" srcset=\"http:\/\/mc-fotodekor.hu\/wp-content\/uploads\/2022\/03\/DSC_0334_02-749x1024.jpg 749w, http:\/\/mc-fotodekor.hu\/wp-content\/uploads\/2022\/03\/DSC_0334_02-219x300.jpg 219w, http:\/\/mc-fotodekor.hu\/wp-content\/uploads\/2022\/03\/DSC_0334_02-768x1050.jpg 768w, http:\/\/mc-fotodekor.hu\/wp-content\/uploads\/2022\/03\/DSC_0334_02-1123x1536.jpg 1123w, http:\/\/mc-fotodekor.hu\/wp-content\/uploads\/2022\/03\/DSC_0334_02-1497x2048.jpg 1497w, http:\/\/mc-fotodekor.hu\/wp-content\/uploads\/2022\/03\/DSC_0334_02-scaled.jpg 1872w\" sizes=\"auto, (max-width: 749px) 100vw, 749px\" \/><\/figure>\n\n\n\n<figure class=\"wp-block-image aligncenter size-large\"><img loading=\"lazy\" decoding=\"async\" width=\"798\" height=\"1024\" src=\"http:\/\/mc-fotodekor.hu\/wp-content\/uploads\/2022\/03\/DSC_0333_02-798x1024.jpg\" alt=\"\" class=\"wp-image-991\" srcset=\"http:\/\/mc-fotodekor.hu\/wp-content\/uploads\/2022\/03\/DSC_0333_02-798x1024.jpg 798w, http:\/\/mc-fotodekor.hu\/wp-content\/uploads\/2022\/03\/DSC_0333_02-234x300.jpg 234w, http:\/\/mc-fotodekor.hu\/wp-content\/uploads\/2022\/03\/DSC_0333_02-768x986.jpg 768w, http:\/\/mc-fotodekor.hu\/wp-content\/uploads\/2022\/03\/DSC_0333_02-1197x1536.jpg 1197w, http:\/\/mc-fotodekor.hu\/wp-content\/uploads\/2022\/03\/DSC_0333_02-1596x2048.jpg 1596w, http:\/\/mc-fotodekor.hu\/wp-content\/uploads\/2022\/03\/DSC_0333_02-scaled.jpg 1995w\" sizes=\"auto, (max-width: 798px) 100vw, 798px\" \/><\/figure>\n\n\n\n<figure class=\"wp-block-image aligncenter size-large\"><img loading=\"lazy\" decoding=\"async\" width=\"1024\" height=\"696\" src=\"http:\/\/mc-fotodekor.hu\/wp-content\/uploads\/2022\/03\/DSC_0328_01-1024x696.jpg\" alt=\"\" class=\"wp-image-990\" srcset=\"http:\/\/mc-fotodekor.hu\/wp-content\/uploads\/2022\/03\/DSC_0328_01-1024x696.jpg 1024w, http:\/\/mc-fotodekor.hu\/wp-content\/uploads\/2022\/03\/DSC_0328_01-300x204.jpg 300w, http:\/\/mc-fotodekor.hu\/wp-content\/uploads\/2022\/03\/DSC_0328_01-768x522.jpg 768w, http:\/\/mc-fotodekor.hu\/wp-content\/uploads\/2022\/03\/DSC_0328_01-1536x1043.jpg 1536w, http:\/\/mc-fotodekor.hu\/wp-content\/uploads\/2022\/03\/DSC_0328_01-2048x1391.jpg 2048w\" sizes=\"auto, (max-width: 1024px) 100vw, 1024px\" \/><\/figure>\n\n\n\n<figure class=\"wp-block-image aligncenter size-large\"><img loading=\"lazy\" decoding=\"async\" width=\"861\" height=\"1024\" src=\"http:\/\/mc-fotodekor.hu\/wp-content\/uploads\/2022\/03\/DSC_0325_03-861x1024.jpg\" alt=\"\" class=\"wp-image-989\" srcset=\"http:\/\/mc-fotodekor.hu\/wp-content\/uploads\/2022\/03\/DSC_0325_03-861x1024.jpg 861w, http:\/\/mc-fotodekor.hu\/wp-content\/uploads\/2022\/03\/DSC_0325_03-252x300.jpg 252w, http:\/\/mc-fotodekor.hu\/wp-content\/uploads\/2022\/03\/DSC_0325_03-768x913.jpg 768w, http:\/\/mc-fotodekor.hu\/wp-content\/uploads\/2022\/03\/DSC_0325_03-1292x1536.jpg 1292w, http:\/\/mc-fotodekor.hu\/wp-content\/uploads\/2022\/03\/DSC_0325_03-1722x2048.jpg 1722w\" sizes=\"auto, (max-width: 861px) 100vw, 861px\" \/><\/figure>\n\n\n\n<figure class=\"wp-block-image aligncenter size-large\"><img loading=\"lazy\" decoding=\"async\" width=\"1024\" height=\"664\" src=\"http:\/\/mc-fotodekor.hu\/wp-content\/uploads\/2022\/03\/DSC_0325_01-1024x664.jpg\" alt=\"\" class=\"wp-image-988\" srcset=\"http:\/\/mc-fotodekor.hu\/wp-content\/uploads\/2022\/03\/DSC_0325_01-1024x664.jpg 1024w, http:\/\/mc-fotodekor.hu\/wp-content\/uploads\/2022\/03\/DSC_0325_01-300x195.jpg 300w, http:\/\/mc-fotodekor.hu\/wp-content\/uploads\/2022\/03\/DSC_0325_01-768x498.jpg 768w, http:\/\/mc-fotodekor.hu\/wp-content\/uploads\/2022\/03\/DSC_0325_01-1536x996.jpg 1536w, http:\/\/mc-fotodekor.hu\/wp-content\/uploads\/2022\/03\/DSC_0325_01-2048x1328.jpg 2048w\" sizes=\"auto, (max-width: 1024px) 100vw, 1024px\" \/><\/figure>\n\n\n\n<figure class=\"wp-block-image aligncenter size-large\"><img loading=\"lazy\" decoding=\"async\" width=\"1024\" height=\"683\" src=\"http:\/\/mc-fotodekor.hu\/wp-content\/uploads\/2022\/03\/DSC_0322-1024x683.jpg\" alt=\"\" class=\"wp-image-987\" srcset=\"http:\/\/mc-fotodekor.hu\/wp-content\/uploads\/2022\/03\/DSC_0322-1024x683.jpg 1024w, http:\/\/mc-fotodekor.hu\/wp-content\/uploads\/2022\/03\/DSC_0322-300x200.jpg 300w, http:\/\/mc-fotodekor.hu\/wp-content\/uploads\/2022\/03\/DSC_0322-768x512.jpg 768w, http:\/\/mc-fotodekor.hu\/wp-content\/uploads\/2022\/03\/DSC_0322-1536x1024.jpg 1536w, http:\/\/mc-fotodekor.hu\/wp-content\/uploads\/2022\/03\/DSC_0322-2048x1365.jpg 2048w\" sizes=\"auto, (max-width: 1024px) 100vw, 1024px\" \/><\/figure>\n\n\n\n<figure class=\"wp-block-image aligncenter size-large\"><img loading=\"lazy\" decoding=\"async\" width=\"877\" height=\"1024\" src=\"http:\/\/mc-fotodekor.hu\/wp-content\/uploads\/2022\/03\/DSC_0316_01-877x1024.jpg\" alt=\"\" class=\"wp-image-986\" srcset=\"http:\/\/mc-fotodekor.hu\/wp-content\/uploads\/2022\/03\/DSC_0316_01-877x1024.jpg 877w, http:\/\/mc-fotodekor.hu\/wp-content\/uploads\/2022\/03\/DSC_0316_01-257x300.jpg 257w, http:\/\/mc-fotodekor.hu\/wp-content\/uploads\/2022\/03\/DSC_0316_01-768x897.jpg 768w, http:\/\/mc-fotodekor.hu\/wp-content\/uploads\/2022\/03\/DSC_0316_01-1316x1536.jpg 1316w, http:\/\/mc-fotodekor.hu\/wp-content\/uploads\/2022\/03\/DSC_0316_01-1754x2048.jpg 1754w\" sizes=\"auto, (max-width: 877px) 100vw, 877px\" \/><\/figure>\n\n\n\n<figure class=\"wp-block-image aligncenter size-large\"><img loading=\"lazy\" decoding=\"async\" width=\"1024\" height=\"758\" src=\"http:\/\/mc-fotodekor.hu\/wp-content\/uploads\/2022\/03\/DSC_0314_03-1024x758.jpg\" alt=\"\" class=\"wp-image-985\" srcset=\"http:\/\/mc-fotodekor.hu\/wp-content\/uploads\/2022\/03\/DSC_0314_03-1024x758.jpg 1024w, http:\/\/mc-fotodekor.hu\/wp-content\/uploads\/2022\/03\/DSC_0314_03-300x222.jpg 300w, http:\/\/mc-fotodekor.hu\/wp-content\/uploads\/2022\/03\/DSC_0314_03-768x568.jpg 768w, http:\/\/mc-fotodekor.hu\/wp-content\/uploads\/2022\/03\/DSC_0314_03-1536x1137.jpg 1536w, http:\/\/mc-fotodekor.hu\/wp-content\/uploads\/2022\/03\/DSC_0314_03-2048x1516.jpg 2048w\" sizes=\"auto, (max-width: 1024px) 100vw, 1024px\" \/><\/figure>\n\n\n\n<figure class=\"wp-block-image aligncenter size-large\"><img loading=\"lazy\" decoding=\"async\" width=\"743\" height=\"1024\" src=\"http:\/\/mc-fotodekor.hu\/wp-content\/uploads\/2022\/03\/DSC_0314_02-743x1024.jpg\" alt=\"\" class=\"wp-image-984\" srcset=\"http:\/\/mc-fotodekor.hu\/wp-content\/uploads\/2022\/03\/DSC_0314_02-743x1024.jpg 743w, http:\/\/mc-fotodekor.hu\/wp-content\/uploads\/2022\/03\/DSC_0314_02-218x300.jpg 218w, http:\/\/mc-fotodekor.hu\/wp-content\/uploads\/2022\/03\/DSC_0314_02-768x1058.jpg 768w, http:\/\/mc-fotodekor.hu\/wp-content\/uploads\/2022\/03\/DSC_0314_02-1115x1536.jpg 1115w, http:\/\/mc-fotodekor.hu\/wp-content\/uploads\/2022\/03\/DSC_0314_02-1486x2048.jpg 1486w, http:\/\/mc-fotodekor.hu\/wp-content\/uploads\/2022\/03\/DSC_0314_02-scaled.jpg 1858w\" sizes=\"auto, (max-width: 743px) 100vw, 743px\" \/><\/figure>\n\n\n\n<figure class=\"wp-block-image aligncenter size-large\"><img loading=\"lazy\" decoding=\"async\" width=\"1024\" height=\"719\" src=\"http:\/\/mc-fotodekor.hu\/wp-content\/uploads\/2022\/03\/DSC_0235_01-1024x719.jpg\" alt=\"\" class=\"wp-image-983\" srcset=\"http:\/\/mc-fotodekor.hu\/wp-content\/uploads\/2022\/03\/DSC_0235_01-1024x719.jpg 1024w, http:\/\/mc-fotodekor.hu\/wp-content\/uploads\/2022\/03\/DSC_0235_01-300x211.jpg 300w, http:\/\/mc-fotodekor.hu\/wp-content\/uploads\/2022\/03\/DSC_0235_01-768x539.jpg 768w, http:\/\/mc-fotodekor.hu\/wp-content\/uploads\/2022\/03\/DSC_0235_01-1536x1078.jpg 1536w, http:\/\/mc-fotodekor.hu\/wp-content\/uploads\/2022\/03\/DSC_0235_01-2048x1438.jpg 2048w\" sizes=\"auto, (max-width: 1024px) 100vw, 1024px\" \/><\/figure>\n\n\n\n<figure class=\"wp-block-image aligncenter size-large\"><img loading=\"lazy\" decoding=\"async\" width=\"1024\" height=\"629\" src=\"http:\/\/mc-fotodekor.hu\/wp-content\/uploads\/2022\/03\/DSC_0310_02-1024x629.jpg\" alt=\"\" class=\"wp-image-982\" srcset=\"http:\/\/mc-fotodekor.hu\/wp-content\/uploads\/2022\/03\/DSC_0310_02-1024x629.jpg 1024w, http:\/\/mc-fotodekor.hu\/wp-content\/uploads\/2022\/03\/DSC_0310_02-300x184.jpg 300w, http:\/\/mc-fotodekor.hu\/wp-content\/uploads\/2022\/03\/DSC_0310_02-768x472.jpg 768w, http:\/\/mc-fotodekor.hu\/wp-content\/uploads\/2022\/03\/DSC_0310_02-1536x944.jpg 1536w, http:\/\/mc-fotodekor.hu\/wp-content\/uploads\/2022\/03\/DSC_0310_02-2048x1258.jpg 2048w\" sizes=\"auto, (max-width: 1024px) 100vw, 1024px\" \/><\/figure>\n\n\n\n<figure class=\"wp-block-image aligncenter size-large\"><img loading=\"lazy\" decoding=\"async\" width=\"1024\" height=\"805\" src=\"http:\/\/mc-fotodekor.hu\/wp-content\/uploads\/2022\/03\/DSC_0310_01-1024x805.jpg\" alt=\"\" class=\"wp-image-981\" srcset=\"http:\/\/mc-fotodekor.hu\/wp-content\/uploads\/2022\/03\/DSC_0310_01-1024x805.jpg 1024w, http:\/\/mc-fotodekor.hu\/wp-content\/uploads\/2022\/03\/DSC_0310_01-300x236.jpg 300w, http:\/\/mc-fotodekor.hu\/wp-content\/uploads\/2022\/03\/DSC_0310_01-768x604.jpg 768w, http:\/\/mc-fotodekor.hu\/wp-content\/uploads\/2022\/03\/DSC_0310_01-1536x1207.jpg 1536w, http:\/\/mc-fotodekor.hu\/wp-content\/uploads\/2022\/03\/DSC_0310_01-2048x1609.jpg 2048w\" sizes=\"auto, (max-width: 1024px) 100vw, 1024px\" \/><\/figure>\n\n\n\n<figure class=\"wp-block-image aligncenter size-large\"><img loading=\"lazy\" decoding=\"async\" width=\"820\" height=\"1024\" src=\"http:\/\/mc-fotodekor.hu\/wp-content\/uploads\/2022\/03\/DSC_0309_02-820x1024.jpg\" alt=\"\" class=\"wp-image-980\" srcset=\"http:\/\/mc-fotodekor.hu\/wp-content\/uploads\/2022\/03\/DSC_0309_02-820x1024.jpg 820w, http:\/\/mc-fotodekor.hu\/wp-content\/uploads\/2022\/03\/DSC_0309_02-240x300.jpg 240w, http:\/\/mc-fotodekor.hu\/wp-content\/uploads\/2022\/03\/DSC_0309_02-768x959.jpg 768w, http:\/\/mc-fotodekor.hu\/wp-content\/uploads\/2022\/03\/DSC_0309_02-1230x1536.jpg 1230w, http:\/\/mc-fotodekor.hu\/wp-content\/uploads\/2022\/03\/DSC_0309_02-1640x2048.jpg 1640w\" sizes=\"auto, (max-width: 820px) 100vw, 820px\" \/><\/figure>\n\n\n\n<figure class=\"wp-block-image aligncenter size-large\"><img loading=\"lazy\" decoding=\"async\" width=\"1024\" height=\"683\" src=\"http:\/\/mc-fotodekor.hu\/wp-content\/uploads\/2022\/03\/DSC_0299-1024x683.jpg\" alt=\"\" class=\"wp-image-979\" srcset=\"http:\/\/mc-fotodekor.hu\/wp-content\/uploads\/2022\/03\/DSC_0299-1024x683.jpg 1024w, http:\/\/mc-fotodekor.hu\/wp-content\/uploads\/2022\/03\/DSC_0299-300x200.jpg 300w, http:\/\/mc-fotodekor.hu\/wp-content\/uploads\/2022\/03\/DSC_0299-768x512.jpg 768w, http:\/\/mc-fotodekor.hu\/wp-content\/uploads\/2022\/03\/DSC_0299-1536x1024.jpg 1536w, http:\/\/mc-fotodekor.hu\/wp-content\/uploads\/2022\/03\/DSC_0299-2048x1365.jpg 2048w\" sizes=\"auto, (max-width: 1024px) 100vw, 1024px\" \/><\/figure>\n\n\n\n<figure class=\"wp-block-image aligncenter size-large\"><img loading=\"lazy\" decoding=\"async\" width=\"1024\" height=\"729\" src=\"http:\/\/mc-fotodekor.hu\/wp-content\/uploads\/2022\/03\/DSC_0286_02-1024x729.jpg\" alt=\"\" class=\"wp-image-978\" srcset=\"http:\/\/mc-fotodekor.hu\/wp-content\/uploads\/2022\/03\/DSC_0286_02-1024x729.jpg 1024w, http:\/\/mc-fotodekor.hu\/wp-content\/uploads\/2022\/03\/DSC_0286_02-300x214.jpg 300w, http:\/\/mc-fotodekor.hu\/wp-content\/uploads\/2022\/03\/DSC_0286_02-768x547.jpg 768w, http:\/\/mc-fotodekor.hu\/wp-content\/uploads\/2022\/03\/DSC_0286_02-1536x1093.jpg 1536w, http:\/\/mc-fotodekor.hu\/wp-content\/uploads\/2022\/03\/DSC_0286_02-2048x1458.jpg 2048w\" sizes=\"auto, (max-width: 1024px) 100vw, 1024px\" \/><\/figure>\n\n\n\n<figure class=\"wp-block-image aligncenter size-large\"><img loading=\"lazy\" decoding=\"async\" width=\"1024\" height=\"683\" src=\"http:\/\/mc-fotodekor.hu\/wp-content\/uploads\/2022\/03\/DSC_0278-1024x683.jpg\" alt=\"\" class=\"wp-image-977\" srcset=\"http:\/\/mc-fotodekor.hu\/wp-content\/uploads\/2022\/03\/DSC_0278-1024x683.jpg 1024w, http:\/\/mc-fotodekor.hu\/wp-content\/uploads\/2022\/03\/DSC_0278-300x200.jpg 300w, http:\/\/mc-fotodekor.hu\/wp-content\/uploads\/2022\/03\/DSC_0278-768x512.jpg 768w, http:\/\/mc-fotodekor.hu\/wp-content\/uploads\/2022\/03\/DSC_0278-1536x1024.jpg 1536w, http:\/\/mc-fotodekor.hu\/wp-content\/uploads\/2022\/03\/DSC_0278-2048x1365.jpg 2048w\" sizes=\"auto, (max-width: 1024px) 100vw, 1024px\" \/><\/figure>\n\n\n\n<figure class=\"wp-block-image aligncenter size-large\"><img loading=\"lazy\" decoding=\"async\" width=\"1024\" height=\"556\" src=\"http:\/\/mc-fotodekor.hu\/wp-content\/uploads\/2022\/03\/DSC_0270_01-1024x556.jpg\" alt=\"\" class=\"wp-image-976\" srcset=\"http:\/\/mc-fotodekor.hu\/wp-content\/uploads\/2022\/03\/DSC_0270_01-1024x556.jpg 1024w, http:\/\/mc-fotodekor.hu\/wp-content\/uploads\/2022\/03\/DSC_0270_01-300x163.jpg 300w, http:\/\/mc-fotodekor.hu\/wp-content\/uploads\/2022\/03\/DSC_0270_01-768x417.jpg 768w, http:\/\/mc-fotodekor.hu\/wp-content\/uploads\/2022\/03\/DSC_0270_01-1536x834.jpg 1536w, http:\/\/mc-fotodekor.hu\/wp-content\/uploads\/2022\/03\/DSC_0270_01-2048x1112.jpg 2048w\" sizes=\"auto, (max-width: 1024px) 100vw, 1024px\" \/><\/figure>\n\n\n\n<figure class=\"wp-block-image aligncenter size-large\"><img loading=\"lazy\" decoding=\"async\" width=\"1024\" height=\"768\" src=\"http:\/\/mc-fotodekor.hu\/wp-content\/uploads\/2022\/03\/DSC_0263_02-1024x768.jpg\" alt=\"\" class=\"wp-image-975\" srcset=\"http:\/\/mc-fotodekor.hu\/wp-content\/uploads\/2022\/03\/DSC_0263_02-1024x768.jpg 1024w, http:\/\/mc-fotodekor.hu\/wp-content\/uploads\/2022\/03\/DSC_0263_02-300x225.jpg 300w, http:\/\/mc-fotodekor.hu\/wp-content\/uploads\/2022\/03\/DSC_0263_02-768x576.jpg 768w, http:\/\/mc-fotodekor.hu\/wp-content\/uploads\/2022\/03\/DSC_0263_02-1536x1152.jpg 1536w, http:\/\/mc-fotodekor.hu\/wp-content\/uploads\/2022\/03\/DSC_0263_02-2048x1536.jpg 2048w\" sizes=\"auto, (max-width: 1024px) 100vw, 1024px\" \/><\/figure>\n\n\n\n<figure class=\"wp-block-image aligncenter size-large\"><img loading=\"lazy\" decoding=\"async\" width=\"1024\" height=\"768\" src=\"http:\/\/mc-fotodekor.hu\/wp-content\/uploads\/2022\/03\/DSC_0261_01-1024x768.jpg\" alt=\"\" class=\"wp-image-974\" srcset=\"http:\/\/mc-fotodekor.hu\/wp-content\/uploads\/2022\/03\/DSC_0261_01-1024x768.jpg 1024w, http:\/\/mc-fotodekor.hu\/wp-content\/uploads\/2022\/03\/DSC_0261_01-300x225.jpg 300w, http:\/\/mc-fotodekor.hu\/wp-content\/uploads\/2022\/03\/DSC_0261_01-768x576.jpg 768w, http:\/\/mc-fotodekor.hu\/wp-content\/uploads\/2022\/03\/DSC_0261_01-1536x1152.jpg 1536w, http:\/\/mc-fotodekor.hu\/wp-content\/uploads\/2022\/03\/DSC_0261_01-2048x1536.jpg 2048w\" sizes=\"auto, (max-width: 1024px) 100vw, 1024px\" \/><\/figure>\n\n\n\n<figure class=\"wp-block-image aligncenter size-large\"><img loading=\"lazy\" decoding=\"async\" width=\"1024\" height=\"683\" src=\"http:\/\/mc-fotodekor.hu\/wp-content\/uploads\/2022\/03\/DSC_0258-1024x683.jpg\" alt=\"\" class=\"wp-image-973\" srcset=\"http:\/\/mc-fotodekor.hu\/wp-content\/uploads\/2022\/03\/DSC_0258-1024x683.jpg 1024w, http:\/\/mc-fotodekor.hu\/wp-content\/uploads\/2022\/03\/DSC_0258-300x200.jpg 300w, http:\/\/mc-fotodekor.hu\/wp-content\/uploads\/2022\/03\/DSC_0258-768x512.jpg 768w, http:\/\/mc-fotodekor.hu\/wp-content\/uploads\/2022\/03\/DSC_0258-1536x1024.jpg 1536w, http:\/\/mc-fotodekor.hu\/wp-content\/uploads\/2022\/03\/DSC_0258-2048x1365.jpg 2048w\" sizes=\"auto, (max-width: 1024px) 100vw, 1024px\" \/><\/figure>\n\n\n\n<figure class=\"wp-block-image aligncenter size-large\"><img loading=\"lazy\" decoding=\"async\" width=\"1024\" height=\"768\" src=\"http:\/\/mc-fotodekor.hu\/wp-content\/uploads\/2022\/03\/DSC_0252_01-1024x768.jpg\" alt=\"\" class=\"wp-image-972\" srcset=\"http:\/\/mc-fotodekor.hu\/wp-content\/uploads\/2022\/03\/DSC_0252_01-1024x768.jpg 1024w, http:\/\/mc-fotodekor.hu\/wp-content\/uploads\/2022\/03\/DSC_0252_01-300x225.jpg 300w, http:\/\/mc-fotodekor.hu\/wp-content\/uploads\/2022\/03\/DSC_0252_01-768x576.jpg 768w, http:\/\/mc-fotodekor.hu\/wp-content\/uploads\/2022\/03\/DSC_0252_01-1536x1152.jpg 1536w, http:\/\/mc-fotodekor.hu\/wp-content\/uploads\/2022\/03\/DSC_0252_01-2048x1536.jpg 2048w\" sizes=\"auto, (max-width: 1024px) 100vw, 1024px\" \/><\/figure>\n\n\n\n<figure class=\"wp-block-image aligncenter size-large\"><img loading=\"lazy\" decoding=\"async\" width=\"1024\" height=\"768\" src=\"http:\/\/mc-fotodekor.hu\/wp-content\/uploads\/2022\/03\/DSC_0247_01-1024x768.jpg\" alt=\"\" class=\"wp-image-971\" srcset=\"http:\/\/mc-fotodekor.hu\/wp-content\/uploads\/2022\/03\/DSC_0247_01-1024x768.jpg 1024w, http:\/\/mc-fotodekor.hu\/wp-content\/uploads\/2022\/03\/DSC_0247_01-300x225.jpg 300w, http:\/\/mc-fotodekor.hu\/wp-content\/uploads\/2022\/03\/DSC_0247_01-768x576.jpg 768w, http:\/\/mc-fotodekor.hu\/wp-content\/uploads\/2022\/03\/DSC_0247_01-1536x1152.jpg 1536w, http:\/\/mc-fotodekor.hu\/wp-content\/uploads\/2022\/03\/DSC_0247_01-2048x1536.jpg 2048w\" sizes=\"auto, (max-width: 1024px) 100vw, 1024px\" \/><\/figure>\n\n\n\n<figure class=\"wp-block-image aligncenter size-large\"><img loading=\"lazy\" decoding=\"async\" width=\"1024\" height=\"768\" src=\"http:\/\/mc-fotodekor.hu\/wp-content\/uploads\/2022\/03\/DSC_0238_01-1024x768.jpg\" alt=\"\" class=\"wp-image-970\" srcset=\"http:\/\/mc-fotodekor.hu\/wp-content\/uploads\/2022\/03\/DSC_0238_01-1024x768.jpg 1024w, http:\/\/mc-fotodekor.hu\/wp-content\/uploads\/2022\/03\/DSC_0238_01-300x225.jpg 300w, http:\/\/mc-fotodekor.hu\/wp-content\/uploads\/2022\/03\/DSC_0238_01-768x576.jpg 768w, http:\/\/mc-fotodekor.hu\/wp-content\/uploads\/2022\/03\/DSC_0238_01-1536x1152.jpg 1536w, http:\/\/mc-fotodekor.hu\/wp-content\/uploads\/2022\/03\/DSC_0238_01-2048x1536.jpg 2048w\" sizes=\"auto, (max-width: 1024px) 100vw, 1024px\" \/><\/figure>\n\n\n\n<p class=\"has-vivid-cyan-blue-color has-text-color has-link-color has-x-large-font-size wp-elements-7cb5980e4b0f5502eeeebf3677cbe014\"><a href=\"http:\/\/mc-fotodekor.hu\/?p=57\"><strong>Vissza az el\u0151z\u0151re<\/strong><\/a><\/p>\n","protected":false},"excerpt":{"rendered":"<p>Vissza az el\u0151z\u0151re Vissza az el\u0151z\u0151re<\/p>\n","protected":false},"author":1,"featured_media":0,"parent":0,"menu_order":0,"comment_status":"closed","ping_status":"closed","template":"","meta":{"footnotes":""},"class_list":["post-1355","page","type-page","status-publish","hentry"],"_links":{"self":[{"href":"http:\/\/mc-fotodekor.hu\/index.php?rest_route=\/wp\/v2\/pages\/1355","targetHints":{"allow":["GET"]}}],"collection":[{"href":"http:\/\/mc-fotodekor.hu\/index.php?rest_route=\/wp\/v2\/pages"}],"about":[{"href":"http:\/\/mc-fotodekor.hu\/index.php?rest_route=\/wp\/v2\/types\/page"}],"author":[{"embeddable":true,"href":"http:\/\/mc-fotodekor.hu\/index.php?rest_route=\/wp\/v2\/users\/1"}],"replies":[{"embeddable":true,"href":"http:\/\/mc-fotodekor.hu\/index.php?rest_route=%2Fwp%2Fv2%2Fcomments&post=1355"}],"version-history":[{"count":5,"href":"http:\/\/mc-fotodekor.hu\/index.php?rest_route=\/wp\/v2\/pages\/1355\/revisions"}],"predecessor-version":[{"id":1395,"href":"http:\/\/mc-fotodekor.hu\/index.php?rest_route=\/wp\/v2\/pages\/1355\/revisions\/1395"}],"wp:attachment":[{"href":"http:\/\/mc-fotodekor.hu\/index.php?rest_route=%2Fwp%2Fv2%2Fmedia&parent=1355"}],"curies":[{"name":"wp","href":"https:\/\/api.w.org\/{rel}","templated":true}]}}